20 + -1020120?
-2000010210
In base 10, what is 0 + -105325789?
-105325789
In base 16, what is ec - -7fac?
8098
In base 15, what is -3 - -4e8e4cd?
4e8e4ca
In base 4, what is -31110130 + 12032?
-31032032
In base 4, what is -1 - -22002111100022?
22002111100021
In base 9, what is 480047053 - 0?
480047053
In base 4, what is -2003003 - -233302?
-1103101
In base 8, what is -314217225 - 5?
-314217232
In base 16, what is 8 - 5373c1?
-5373b9
In base 2, what is -10111101000011000011 - 10011?
-10111101000011010110
In base 2, what is 11000111100000000110010 + -11?
11000111100000000101111
In base 3, what is -2110112 - 1220220001?
-2000100120
In base 11, what is 5 + -13407a6?
-13407a1
In base 16, what is 5 - 5efb51?
-5efb4c
In base 5, what is -30110331 - -220?
-30110111
In base 15, what is 45 - -9ae8?
9b3d
In base 7, what is -114050416 + 0?
-114050416
In base 7, what is -1460400 + 511?
-1456556
In base 2, what is -10100111001 - -1110000001011?
1011011010010
In base 11, what is 162a694 - 48?
162a647
In base 5, what is -1002 + -23010041?
-23011043
In base 15, what is -79365 - -25b?
-79109
In base 5, what is -2041321141 + 102?
-2041321034
In base 3, what is 1220102211101 - 1120210?
1220101020121
In base 8, what is -3 - 422505646?
-422505651
In base 3, what is 1 - -1000201022220?
1000201022221
In base 15, what is -30e0c97a + -3?
-30e0c97d
In base 10, what is -25 - -81999?
81974
In base 7, what is 32 - 243412?
-243350
In base 8, what is -11 + -14517734?
-14517745
In base 11, what is -20 - 3a7953?
-3a7973
In base 2, what is 100011 - 10000011010111000110000?
-10000011010111000001101
In base 6, what is 3240 + 200541?
204221
In base 13, what is 2 + -53911c?
-53911a
In base 8, what is -652344161 - -2?
-652344157
In base 10, what is 9876 + 1307?
11183
In base 15, what is -d34 - 23263?
-24097
In base 8, what is -6704065 - 2?
-6704067
In base 5, what is -1123034400 + 33?
-1123034312
In base 7, what is -302454406 + -50?
-302454456
In base 11, what is 14 - -691426a?
6914283
In base 9, what is -172155 - 412?
-172567
In base 13, what is -1017b76 + -11?
-1017b87
In base 12, what is -3 - 2a72709?
-2a72710
In base 11, what is -4 - -60093846?
60093842
In base 2, what is -10001000101000101 - -1110110111000?
-1111001110001101
In base 15, what is -1ba6eb - -e?
-1ba6dc
In base 6, what is -433 + -15413141?
-15414014
In base 8, what is 270775 - 427?
270346
In base 15, what is -2b3de5 - -59?
-2b3d8b
In base 9, what is 3867 + 3408?
7376
In base 4, what is 13020033101 - -332?
13020100033
In base 14, what is 39 - -5556?
5591
In base 8, what is 1133102 + -26?
1133054
In base 16, what is -1513 - 728?
-1c3b
In base 16, what is 2fc46 - 43?
2fc03
In base 15, what is -24e261 + 82?
-24e1ce
In base 12, what is 2358 - -24b36?
27292
In base 10, what is -1271315 + -5?
-1271320
In base 8, what is -1360 + -2341243?
-2342623
In base 11, what is 23 + 12496a?
124992
In base 8, what is -335102023 - 34?
-335102057
In base 13, what is -521bb88 + -4?
-521bb8c
In base 4, what is 121130301333 - 12?
121130301321
In base 15, what is 2acd1 - -3?
2acd4
In base 12, what is -121379 + 44?
-121335
In base 7, what is 13 + -311312?
-311266
In base 3, what is -202201201200210 + -21?
-202201201201001
In base 5, what is 143 + 1122110100?
1122110243
In base 15, what is -169b12b + 3?
-169b128
In base 14, what is 2 - -a44a72?
a44a74
In base 13, what is -1c7a74b + 0?
-1c7a74b
In base 2, what is 10110110110110110011010101 + -11?
10110110110110110011010010
In base 14, what is 377419 - -b?
377426
In base 6, what is -151412 - 25524?
-221340
In base 10, what is 51 + 4891096?
4891147
In base 3, what is -21102201201210 - 111?
-21102201202021
In base 7, what is -42 + 200133650?
200133605
In base 6, what is -103 - -25131423?
25131320
In base 2, what is 100100111 - 1010101001101010100?
-1010101001000101101
In base 14, what is 138a9 + -386?
13523
In base 9, what is 1076 - 12047?
-10861
In base 8, what is -100317632 - 1?
-100317633
In base 14, what is -3a35 + 336d?
-6a6
In base 16, what is 36 - a7?
-71
In base 8, what is -1101100 + 5?
-1101073
In base 13, what is 30 + a085ba?
a0861a
In base 13, what is -286254 + -3a?
-286291
In base 5, what is -3100224332 - 34?
-3100224421
In base 13, what is -9794 - -15077?
85b3
In base 14, what is 2847b9 + 6?
2847c1
In base 16, what is -ee47a + 67?
-ee413
In base 8, what is -5 - -1347335167?
1347335162
In base 6, what is -5432335 + -3141?
-5435520
In base 7, what is 3203302 - -41?
3203343
In base 8, what is 2 - 10345025?
-10345023
In base 10, what is 2 - -1329418?
1329420
In base 8, what is 5304 - -26024?
33330
In base 12, what is -ba + 92a79?
9297b
In base 11, what is 1359 + -405?
a54
In base 9, what is 15572 + -1288?
14273
In base 8, what is -214 + 10247?
10033
In base 12, what is -90 + 14494?
14404
In base 16, what is -15 - -968d6?
968c1
In base 15, what is -687b81 + -25?
-687ba6
In base 5, what is 1002302404 + -12?
1002302342
In base 7, what is -5530350 + 154?
-5530163
In base 12, what is 14a + -208b?
-1b41
In base 10, what is -69 - 97388?
-97457
In base 10, what is -9 - -56393479?
56393470
In base 6, what is -4 + 51340314?
51340310
In base 10, what is 268975 + 78?
269053
In base 2, what is 101 + 111100000000011010101011?
111100000000011010110000
In base 13, what is 6c9 - -149c?
1b98
In base 2, what is -100100101010110000100 - 1110?
-100100101010110010010
In base 14, what is 1acc - 26d?
185d
In base 3, what is 11111222020211102 + 21?
11111222020211200
In base 7, what is -24 - -102415?
102361
In base 6, what is 40 + 3553433?
3553513
In base 4, what is -10331301 + 21011?
-10310230
In base 2, what is 1110110111101011100 - -10100?
1110110111101110000
In base 4, what is 31 - -223010013123?
223010013220
In base 15, what is b + 17755b?
177567
In base 16, what is -78 - -11ef9f?
11ef27
In base 5, what is -10403 + 3201013?
3140110
In base 8, what is -4570174 + -13?
-4570207
In base 6, what is -2424401 - 3004?
-2431405
In base 15, what is -186939 + 12?
-186927
In base 8, what is 464346355 - 5?
464346350
In base 10, what is -1264327 - -2?
-1264325
In base 10, what is 17615 + 991?
18606
In base 12, what is -90024 + -1525?
-91549
In base 16, what is -5 - 5d668f8?
-5d668fd
In base 11, what is 11306 - -463?
11769
In base 3, what is 101022201 + 21002022?
122102000
In base 6, what is 4105402201 + 5?
4105402210
In base 6, what is 1004434 - -22434?
1031312
In base 10, what is -390350199 + 2?
-390350197
In base 10, what is -108 + 125491?
125383
In base 12, what is 12a + 272b0?
2741a
In base 2, what is -1000101011010010 - 1100110010100?
-1010010001100110
In base 13, what is 4 - -19cb108?
19cb10c
In base 7, what is -206024 + 2?
-206022
In base 10, what is -36 + 42939579?
42939543
In base 11, what is -77 + -1747535?
-1747601
In base 5, what is 2332020 + 2202?
2334222
In base 10, what is 18489054 - -1?
18489055
In base 3, what is 201211200101 + -212?
201211122112
In base 4, what is -10 + 202300121303?
202300121233
In base 13, what is 8b9 - -956c?
a158
In base 8, what is 27 + 154212?
154241
In base 7, what is -4533211225 - -1?
-4533211224
In base 3, what is 2 + -2221220211202?
-2221220211200
In base 2, what is 10000000110000001100111 - 111?
10000000110000001100000
In base 7, what is -351112 - -536?
-350243
In base 4, what is -13 + -1110311133211?
-1110311133230
In base 5, what is -120431031 + 211?
-120430320
In base 11, what is -154808 - -428?
-154390
In base 4, what is 11 + -1000112322201?
-1000112322130
In base 6, what is 5012022 + 1531?
5013553
In base 11, what is 2279092a - -3?
22790932
In base 2, what is -1000011 - 1001111111101011100?
-1001111111110011111
In base 2, what is 101011101111000110101000111 - 101?
101011101111000110101000010
In base 8, what is -1356 + -623165?
-624543
In base 15, what is -3 - -3be4165?
3be4162
In base 5, what is -13114 - -3243431?
3230312
In base 7, what is 402216 + -1514?
400402
In base 14, what is 24 - 1cb7d?
-1cb59
In base 11, what is -4081505 - -6?
-40814aa
In base 11, what is 408 - 96267?
-9595a
In base 4, what is -130021 - -2010002?
1213321
In base 7, what is -55 - -656525?
656440
In base 11, what is 3776105 + -3?
3776102
In base 5, what is 3004404043 - -2344?
3004411442
In base 12, what is -b + 72840?
72831
In base 5, what is -2100403 + -424?
-2101332
In base 14, what is -314344 